(g). Determine i(6).
-1
Let m(k) = 2*k - 2. Let g(c) = c**2 - 23*c - 8. Let v(z) = -g(z) - 6*m(z). Determine v(13).
-6
Let u(s) = 17*s + 15. Let q(d) = -20*d - 18. Let b(p) = -5*q(p) - 6*u(p). Let c(j) = -j**3 + 4*j**2 - 4*j + 4. Let h be c(3). Let i be 2*h + (3 - 1). Give b(i).
-8
Suppose 0 = -2*j + 5 + 3. Let g(m) = 1 + j*m + 19 + 7*m. Let x(s) = 4*s + 7. Let d(q) = 3*g(q) - 8*x(q). Determine d(0).
4
Let c(z) = -z**3 + 2*z**2 - z - 10. Let l(d) = -d**3 + 3*d**2 - 10. Let b(p) = 4*c(p) - 5*l(p). Calculate b(7).
-18
Let i(l) = 13*l + 27*l - 31 - 37*l. Calculate i(9).
-4
Let g(y) = -2*y - 8. Suppose -2*c = -2*i, -3 = -2*i + 7. Let v(x) = 6*x + c*x - 12*x. Let h(f) = -g(f) + 3*v(f). What is h(6)?
2
Let r(v) = -2*v**3 + 4*v**2 - 3*v. Let f = 237 + -235. Let t be (-1 - -1 - -4) + 1. Suppose -2*u + 20 = t*i, 4*i - 8 = -f*u + 10. Give r(i).
-6
Let o(n) = 2*n - 1. Let s(q) = -4*q - 7. Let y(j) = j + 2. Let g(b) = -2*s(b) - 7*y(b). Let u(a) = 6*g(a) - 2*o(a). Determine u(-4).
-6
Let d(a) be the second derivative of -a**4/12 - a**3 + 3*a**2/2 - a. Let g be d(-6). Let c(b) = g - b**2 + 5*b + 0*b - 4*b + 0. Calculate c(4).
-9
Let h = 21 - 5. Let w(l) = -3*l - 6*l + h*l - 12 - 5*l. Calculate w(8).
4
Let g(l) = -5*l - 6. Let o(s) = -2*s - 7. Let w(f) = -3*g(f) + 4*o(f). What is w(4)?
18
Let m be (-6)/(1 + -7) - (-28)/7. Let x(d) = -d**3 + 4*d**2 + 6*d - 3. Give x(m).
2
Let g(v) be the third derivative of v**5/60 - 11*v**4/24 - 2*v**3/3 - 42*v**2 + 3*v. Determine g(12).
8
Let a = -1148 - -1150. Let k(s) be the first derivative of -8*s - 7/3*s**3 - 5 - 1/4*s**4 - 3*s**a. What is k(-6)?
-8
Let k(u) = 4*u**2 - 9*u - 11. Suppose c + 3*z = -4*c - 22, 20 = -5*z. Let j(y) = -3*y**2 + 8*y + 10. Let d(g) = c*k(g) - 3*j(g). Determine d(7).
-1
Let v(q) = q - 3. Let c be v(7). Suppose 5*m - 3*m = -c. Let r(k) = 5*k - 2. Let j(i) = 17*i - 6. Let l(z) = 2*j(z) - 7*r(z). Calculate l(m).
4
Let k(d) be the first derivative of 7*d**2/2 + 58. Let b(o) = -o**2 - 3*o + 5. Suppose 0 = 4*q - 6*q - 8. Let m be b(q). Calculate k(m).
7
Let y(g) = g**2 + g - 12. Let k be ((-3)/3)/((-2)/(-2)). Let c be k + 0 + 2 - -3. Suppose 4*x = z + 12, c*x - 12 = -4*z - 0. Calculate y(z).
-12
Let c(q) be the third derivative of -q**5/12 + q**4/24 - q**3/3 + 2*q**2 - 11. Determine c(2).
-20
Let t = 19 - 25. Let k(x) = -4*x - 3*x + 0*x - 7 + 4*x. Determine k(t).
11
Suppose 0 = 3*o - 2*o. Let p(n) = -11 - n - 11 + o*n + 25. Determine p(4).
-1
Let p be 1 - (2/(-6))/(8/96). Let u be (p + (-129)/15)/((-4)/10). Let j(v) = -2*v + 7. What is j(u)?
-11
Let r(z) = -z**3 - 5*z**2 - z + 2. Suppose 4*a - 30 = -2*w, 0*a - 5 = -a + 2*w. Suppose 5*x - 10 = a*x. Give r(x).
7
Let k(v) = -4*v + 27. Let i(p) = 5*p - 33. Let m(r) = 5*i(r) + 6*k(r). Determine m(8).
5
Suppose 12*p = p + 77. Let m(g) = g - 8. Let w(r) = -1. Let u(y) = m(y) - 3*w(y). Determine u(p).
2
Suppose -4*u - 3 = -2*u - i, 4*u + 5 = 3*i. Let a(t) = 6*t**2 + 3*t. Give a(u).
18
Let v(w) = 8*w + 1. Let a(p) be the third derivative of -p**6/120 + p**5/30 + p**4/24 - p**3/6 - 7*p**2. Let m be a(1). Give v(m).
9
Let d be ((-4)/1)/(-11 - -10). Let p(w) = 2*w**2 - 7*w + 11. Let m(q) = q**2 - 3*q + 5. Let x(l) = d*p(l) - 9*m(l). Determine x(-3).
-7
Suppose 0 = -5*m + 3*m + l + 38, 5*m + 2*l = 113. Let t = 29 - m. Let y = 3 - t. Let z(p) = p**3 + 6*p**2 + 6*p + 7. Determine z(y).
2
Let s(c) = c**3 - 3*c**2 - c - 3. Let y = -52 + 37. Let n = y - -18. Give s(n).
-6
Let z(a) = -a**2 - 2*a + 1. Let x(g) = g**3 - g**2 - 9*g + 10. Let q be x(3). Determine z(q).
-2
Let v(p) = -5*p + 6. Let a = -118 - -123. Give v(a).
-19
Let b(r) be the third derivative of r**5/60 + r**4/4 + r**3 - r**2 - 18. Calculate b(-5).
1
Let a(g) = -2*g**2 + 5. Let t(y) = y**3 - 35*y**2 + 36*y - 70. Let z be t(34). What is a(z)?
-3
Let c(y) = y**3 - 11*y**2 - 10*y - 22. Let j be c(12). Let m(v) = -v**3 + 5*v + j + 2*v**2 - v - 3*v + 4*v**2. What is m(6)?
8
Let q(s) = 3*s - 7. Let c be 80/(2 + 2) - -4. Suppose -5*i + i + c = 0. What is q(i)?
11
Suppose 5*p = -4*h + 6, -3*p = -2*p + 2. Let g(m) = 1 + m - h*m - 1 - 1. Calculate g(-1).
2
Let l be (-1 - (-3)/(-6))*(-16)/(-4). Let j(t) = 2*t - 2. What is j(l)?
-14
Let l(o) = -2*o**3 - 2*o**2 + 2. Suppose 3*s - b = -9, 4*s - 3 = -5*b + 4. Give l(s).
10
Let v(s) = -3*s**2 - 9*s - 7. Let x(o) = -4*o**2 - 14*o - 10. Let y(k) = -7*v(k) + 5*x(k). What is y(6)?
-7
Let s(y) be the third derivative of -1/60*y**5 + 3/2*y**3 + 0*y + 0 + 1/4*y**4 + 9*y**2. Give s(7).
2
Let k(c) = -1 + 2*c - 46*c**2 + 46*c**2 + c**3. Let j be k(1). Let g(y) = 3*y**2 - y. Give g(j).
10
Let h(l) = 11*l**2 - l + 1. Let z(v) = 4*v**2 + 3*v - 3. Let c be z(1). Let w be c - -4*(-12)/16. Give h(w).
11
Let l(r) be the third derivative of -r**4/24 + r**3/6 - 4*r**2. Let m be (0 - 1)/(5/(-15)). Suppose m*i - 1 = 14. What is l(i)?
-4
Let s(f) = f**3 + 11*f**2 + 8*f - 17. Let r(n) = n**3 + 3*n**2 + 3*n - 10. Let g be r(0). What is s(g)?
3
Let y be 4/2*(-3)/(-6). Let i(z) = -3 + 3 + 1 + 17*z. What is i(y)?
18
Let z(w) = -6 + 2 + 27*w - 11*w - 17*w. What is z(4)?
-8
Let m(u) be the first derivative of -2*u + 1/4*u**4 - 5/2*u**2 - 12 + 4/3*u**3. Determine m(-5).
-2
Let u(l) = -l**3 - 4*l**2 + 2*l - 4. Let g = 6 + 20. Suppose 0 = g*j - 30*j - 16. Give u(j).
-12
Suppose -3*y - 1 = 5*x, 4*y + 5*x = 10*x + 57. Let g(m) = m. Determine g(y).
8
Suppose -3*n = -7*n - 4. Let u = n + 1. Suppose u = -4*t + 2*t + 14. Let c(i) = i**3 - 7*i**2 - i + 5. Give c(t).
-2
Let l(f) = f + 24. Let k be l(-19). Suppose k*h + 20 = 4*d, -d + 4 = -5*h - 1. Let s(j) = -3*j + 4. Give s(d).
-11
Let j be (-4)/(-18) + 428/18. Let p be 54/(-7) + j/(-84). Let b be 50/p + (-1)/(-4). Let m(d) = d**2 + 4*d - 7. Determine m(b).
5
Let w(q) = -q**2 + 7*q - 6. Let r = -170 - -176. Calculate w(r).
0
Suppose 0 = q + 21 - 30. Let o(k) = -3*k - 9. Let h(z) = 7*z + 19. Let s(v) = q*o(v) + 4*h(v). What is s(9)?
4
Let c(x) = 105*x**2 - 13*x - 13. Let v(z) = -60*z**2 + 7*z + 7. Let s(b) = 6*c(b) + 11*v(b). Give s(-1).
-30
Let r(o) be the first derivative of o**2/2 - 12*o - 1. Suppose 18 - 6 = 2*l. Calculate r(l).
-6
Let c(h) = 4*h - 6. Let r = -133 + 133. What is c(r)?
-6
Let m(g) = -2*g**2 - g + g**2 + 2*g. Suppose 2*u = -5*u - 7. Let i(x) = 6*x**2 - 3*x + 1. Let q(d) = u*i(d) - 5*m(d). What is q(-4)?
-9
Let p(r) = 5 - 1 + 5 - r - 2 - 15. Determine p(14).
-22
Let q be (-4)/(2 + -3 - 3/3). Let u(g) = -9*g + 4. Let k(t) = 4*t - 2. Let w(c) = q*u(c) + 5*k(c). Give w(-2).
-6
Let d(q) = 4*q - 14. Suppose -4*g - 35 = -59. What is d(g)?
10
Let u = -314 + 307. Let l(x) = -x**3 - 7*x**2 + 3*x + 10. Determine l(u).
-11
Let y(l) = 6 + 245*l - 7 - 234*l. Let c(i) = 10*i - 2. Let b(u) = 2*c(u) - 3*y(u). Give b(-1).
12
Suppose -4*f + 2*z = -10, 5*f + 4*z - z = -4. Let l be ((-135)/90)/(f*2/8). Let j(d) = d**3 + 7*d**2 + 5*d - 3. Calculate j(l).
3
Let c(r) = -7*r + 1. Let w(o) = 18*o - 2. Let t(i) = -3*c(i) - w(i). Determine t(8).
23
Let l(n) = -n**3 - 7*n**2 + 3*n - 6. Suppose 22*c = 27*c - 20. Let d(r) = -r**3 - 5*r**2 + 2*r - 6. Let j(w) = c*d(w) - 3*l(w). Determine j(0).
-6
Let i(s) = 12*s**2 - 4*s**2 + 5 + 4*s + s**2 - 8*s**2 + 0*s**2. Determine i(0).
5
Let q(l) = -15*l - 1. Let s(z) = z**3 + 9*z**2 - 33*z + 29. Let p be s(-12). Let n(a) = a + 6. Let i be n(p). Calculate q(i).
14
Let h(x) be the third derivative of -x**4/12 + 23*x**3/6 - 10*x**2 - 14*x. Give h(11).
1
Let t(s) = -16*s + 17. Let p(x) = -30*x + 31. Let n(v) = 6*p(v) - 11*t(v). Let f = -2 + -2. Give n(f).
15
Let j(r) = 10*r - 108. Let q be j(11). Let d(n) be the first derivative of -n**4/4 + n**3/3 - n**2 + 1. Give d(q).
-8
Let w(p) = -11*p**3 - 14*p**2 + 7*p + 9. Let g(x) = -31*x**3 - 41*x**2 + 21*x + 27. Let s(v) = 6*g(v) - 17*w(v). Calculate s(7).
9
Let w(t) = -3*t + 3. Let o = -2 - 34. Let y = o - -41. Determine w(y).
-12
Let o(q) = -2*q**2 - 21*q - 13. Let g be o(-9). Let k(f) = 2 - f - g + 24. What is k(5)?
7
Let m(w) be the third derivative of w**4/24 + 7*w**3/6 + w**2 + 26*w. Give m(-5).
2
Let u(s) = -7*s**2 + 40*s - 8*s + 0*s**3 - 25*s - 7 + s**3. Suppose 0 = c - 0*c. Suppose -2*x - 12 = -3*f, -4*x + c*x = -2*f. Calculate u(f).
-1
Let g(n) = 678*n**3 - 4*n - 1356*n**3 + 8*n**2 + 677*n**3 - 1. What is g(7)?
20
Let v(i) be the third derivative of i**6/120 - i**5/15 - 5*i**3/